{"id":83,"date":"2014-11-03T22:03:54","date_gmt":"2014-11-03T21:03:54","guid":{"rendered":"http:\/\/pilau.fr\/wordpress\/?page_id=83"},"modified":"2019-09-09T12:52:48","modified_gmt":"2019-09-09T11:52:48","slug":"cours-conferences-colloques","status":"publish","type":"page","link":"https:\/\/pilau.fr\/wordpress\/?page_id=83","title":{"rendered":"Cours, conf\u00e9rences, colloques"},"content":{"rendered":"<p><em><strong>Bande dessin\u00e9e et sociologie<\/strong><\/em><\/p>\n<p>Conception et animation de la journ\u00e9e professionnelle\u00a0\u00ab\u00a0bande dessin\u00e9e et sociologie\u00a0\u00bb pour la m\u00e9diath\u00e8que de Maz\u00e9 (mars 2017)\u00a0: conf\u00e9rence et animation de deux rencontres avec Lisa Mandel et Yasmine Bouagga et avec Etienne L\u00e9croart, Michel Pin\u00e7on et Monique Pin\u00e7on-Charlot<\/p>\n<p><strong><em>La bande dessin\u00e9e hors les livres<br \/>\n<\/em><\/strong>En collaboration avec Laura Caraballo\u00a0&#8211; Conf\u00e9rence au Festival international de la bande dessin\u00e9e \u00e0 Angoul\u00eame\u00a0(janvier 2017)<\/p>\n<p><strong><em>Le lecteur pratiquant<br \/>\n<\/em><\/strong>En collaboration avec Yann Mad\u00e9 &#8211;\u00a0Communication \u00e0 la Journ\u00e9e d&rsquo;\u00e9tude \u00ab\u00a0La Bande dessin\u00e9e\u00a0: tous lecteurs\u00a0?\u00a0\u00bb organis\u00e9e par Comicalit\u00e9s, la Cit\u00e9 Internationale de la Bande Dessin\u00e9e et de l&rsquo;Image et l&rsquo;universit\u00e9 de Limoges \u00e0 Paris (d\u00e9cembre 2013)<\/p>\n<p><strong><em>Pr\u00e9sence de la bande dessin\u00e9e dans le paysage culturel<\/em><\/strong><br \/>\nCours\u00a0\u00e0 l\u2019EAC.<\/p>\n<p><strong><em>Le manga d\u2019auteur<\/em><\/strong><br \/>\nCommunication \u00e0 l\u2019Universit\u00e9 d\u2019\u00e9t\u00e9 de la bande dessin\u00e9e, \u00e0 Angoul\u00eame \u2013 juillet 2012<br \/>\nune video <a href=\"http:\/\/www.triple-c.fr\/bedeo\/univbd2012\/univbd2012daures\">ici<\/a>\u00a0ou <a href=\"http:\/\/www.youtube.com\/watch?v=x8Re1FMBBWA\">l\u00e0<\/a><\/p>\n<p><strong><em>Journ\u00e9es de formation des professionnels du livre (m\u00e9diath\u00e8que du Haut-Rhin)<\/em><\/strong><\/p>\n<p><em>La bande dessin\u00e9e de reportage &#8211;\u00a0La guerre dans la bande dessin\u00e9e\u00a0&#8211; les femmes dans la bande dessin\u00e9e, etc.<\/em><\/p>\n<p>Et aussi des rencontres publiques avec des auteurs : <strong>Cromwell<\/strong> (m\u00e9diath\u00e8que de Montrouge, 2011) &#8211; <strong>Marion Montaigne<\/strong> et <strong>Liv Stromquist<\/strong> (Pulp Festival, 2017) &#8211; <strong>Etienne L\u00e9croart<\/strong> (Maz\u00e9, 2017 &#8211; Cit\u00e9 de la BD, 2017) &#8211; Lisa Mandel (Maz\u00e9, 2017), etc.<\/p>\n","protected":false},"excerpt":{"rendered":"<p>Bande dessin\u00e9e et sociologie Conception et animation de la journ\u00e9e professionnelle\u00a0\u00ab\u00a0bande dessin\u00e9e et sociologie\u00a0\u00bb pour la m\u00e9diath\u00e8que de Maz\u00e9 (mars 2017)\u00a0: conf\u00e9rence et animation de deux rencontres avec Lisa Mandel et Yasmine Bouagga et avec Etienne L\u00e9croart, Michel Pin\u00e7on et&hellip;<\/p>\n<p class=\"more-link-p\"><a class=\"more-link\" href=\"https:\/\/pilau.fr\/wordpress\/?page_id=83\">Read more &rarr;<\/a><\/p>\n","protected":false},"author":1,"featured_media":0,"parent":66,"menu_order":0,"comment_status":"open","ping_status":"open","template":"","meta":{"footnotes":""},"_links":{"self":[{"href":"https:\/\/pilau.fr\/wordpress\/index.php?rest_route=\/wp\/v2\/pages\/83"}],"collection":[{"href":"https:\/\/pilau.fr\/wordpress\/index.php?rest_route=\/wp\/v2\/pages"}],"about":[{"href":"https:\/\/pilau.fr\/wordpress\/index.php?rest_route=\/wp\/v2\/types\/page"}],"author":[{"embeddable":true,"href":"https:\/\/pilau.fr\/wordpress\/index.php?rest_route=\/wp\/v2\/users\/1"}],"replies":[{"embeddable":true,"href":"https:\/\/pilau.fr\/wordpress\/index.php?rest_route=%2Fwp%2Fv2%2Fcomments&post=83"}],"version-history":[{"count":8,"href":"https:\/\/pilau.fr\/wordpress\/index.php?rest_route=\/wp\/v2\/pages\/83\/revisions"}],"predecessor-version":[{"id":1069,"href":"https:\/\/pilau.fr\/wordpress\/index.php?rest_route=\/wp\/v2\/pages\/83\/revisions\/1069"}],"up":[{"embeddable":true,"href":"https:\/\/pilau.fr\/wordpress\/index.php?rest_route=\/wp\/v2\/pages\/66"}],"wp:attachment":[{"href":"https:\/\/pilau.fr\/wordpress\/index.php?rest_route=%2Fwp%2Fv2%2Fmedia&parent=83"}],"curies":[{"name":"wp","href":"https:\/\/api.w.org\/{rel}","templated":true}]}}

Cours, conférences, colloques

<p><em><strong>Bande dessinée et sociologie</strong></em></p>
<p>Conception et animation de la journée professionnelle « bande dessinée et sociologie » pour la médiathèque de Mazé (mars 2017) : conférence et animation de deux rencontres avec Lisa Mandel et Yasmine Bouagga et avec Etienne Lécroart, Michel Pinçon et Monique Pinçon-Charlot</p>
<p><strong><em>La bande dessinée hors les livres<br />
</em></strong>En collaboration avec Laura Caraballo &#8211; Conférence au Festival international de la bande dessinée à Angoulême (janvier 2017)</p>
<p><strong><em>Le lecteur pratiquant<br />
</em></strong>En collaboration avec Yann Madé &#8211; Communication à la Journée d&rsquo;étude « La Bande dessinée : tous lecteurs ? » organisée par Comicalités, la Cité Internationale de la Bande Dessinée et de l&rsquo;Image et l&rsquo;université de Limoges à Paris (décembre 2013)</p>
<p><strong><em>Présence de la bande dessinée dans le paysage culturel</em></strong><br />
Cours à l’EAC.</p>
<p><strong><em>Le manga d’auteur</em></strong><br />
Communication à l’Université d’été de la bande dessinée, à Angoulême – juillet 2012<br />
une video <a href="http://www.triple-c.fr/bedeo/univbd2012/univbd2012daures">ici</a> ou <a href="http://www.youtube.com/watch?v=x8Re1FMBBWA">là</a></p>
<p><strong><em>Journées de formation des professionnels du livre (médiathèque du Haut-Rhin)</em></strong></p>
<p><em>La bande dessinée de reportage &#8211; La guerre dans la bande dessinée &#8211; les femmes dans la bande dessinée, etc.</em></p>
<p>Et aussi des rencontres publiques avec des auteurs : <strong>Cromwell</strong> (médiathèque de Montrouge, 2011) &#8211; <strong>Marion Montaigne</strong> et <strong>Liv Stromquist</strong> (Pulp Festival, 2017) &#8211; <strong>Etienne Lécroart</strong> (Mazé, 2017 &#8211; Cité de la BD, 2017) &#8211; Lisa Mandel (Mazé, 2017), etc.</p>

<p>Bande dessinée et sociologie Conception et animation de la journée professionnelle « bande dessinée et sociologie » pour la médiathèque de Mazé (mars 2017) : conférence et animation de deux rencontres avec Lisa Mandel et Yasmine Bouagga et avec Etienne Lécroart, Michel Pinçon et&hellip;</p>
<p class="more-link-p"><a class="more-link" href="https://pilau.fr/wordpress/?page_id=83">Read more &rarr;</a></p>
