{"id":69,"date":"2014-10-26T21:40:42","date_gmt":"2014-10-26T20:40:42","guid":{"rendered":"http:\/\/pilau.fr\/wordpress\/?page_id=69"},"modified":"2014-10-26T21:56:10","modified_gmt":"2014-10-26T20:56:10","slug":"du9-org","status":"publish","type":"page","link":"https:\/\/pilau.fr\/wordpress\/?page_id=69","title":{"rendered":"du9.org"},"content":{"rendered":"<p><img loading=\"lazy\" decoding=\"async\" class=\"alignright wp-image-71 size-medium\" src=\"http:\/\/pilau.fr\/wordpress\/wp-content\/uploads\/2014\/10\/Logodu9-204x300.jpg\" alt=\"Logodu9\" width=\"204\" height=\"300\" srcset=\"https:\/\/pilau.fr\/wordpress\/wp-content\/uploads\/2014\/10\/Logodu9-204x300.jpg 204w, https:\/\/pilau.fr\/wordpress\/wp-content\/uploads\/2014\/10\/Logodu9.jpg 210w\" sizes=\"(max-width: 204px) 100vw, 204px\" \/>du9, c&rsquo;est un excellent site critique sur la\u00a0bande dessin\u00e9e.<\/p>\n<p>Et c&rsquo;est un honneur d&rsquo;y \u00eatre publi\u00e9 !<\/p>\n<ul>\n<li><a href=\"http:\/\/www.du9.org\/dossier\/impressions-sur-vraoum\/\" target=\"_blank\"><em>Impressions sur Vraoum\u00a0!<\/em> <\/a>(avril 2010),<\/li>\n<li><a href=\"http:\/\/www.du9.org\/dossier\/tnt-en-amerique-une-radiographie\/\" target=\"_blank\"><em>TNT en Am\u00e9rique, une radiographie de la bande dessin\u00e9e<\/em> <\/a>(juin 2010),<\/li>\n<li><a href=\"http:\/\/www.du9.org\/dossier\/concert-dessine-a-avignon\/\" target=\"_blank\"><em>Concert dessin\u00e9 \u00e0 Avignon<\/em><\/a>, (sept 2010),<\/li>\n<li><a href=\"http:\/\/www.du9.org\/dossier\/rencontre-au-havre\/\" target=\"_blank\"><em>Rencontre au Havre<\/em><\/a> (oct 2010),<\/li>\n<li><a href=\"http:\/\/www.du9.org\/dossier\/naissance-d-une-forme-classique-en\/\" target=\"_blank\"><em>La naissance d&rsquo;une forme classique en bande dessin\u00e9e<\/em><\/a> (avril 2011)<\/li>\n<li>s\u00e9rie d\u2019entretiens <a href=\"http:\/\/www.du9.org\/entretien\/jacques-de-loustal-dessinateur\/\" target=\"_blank\"><em>Exposer la bande dessin\u00e9e <\/em><\/a>(d\u00e9c \u00e0 avril 2012),<\/li>\n<li><a href=\"http:\/\/www.du9.org\/dossier\/la-duree-et-le-temps-selon-jochen-gerner\/\" target=\"_blank\"><em>Le temps et la dur\u00e9e selon Jochen Gerner<\/em><\/a> (juin 2012),<\/li>\n<li><a href=\"http:\/\/www.du9.org\/chronique\/lhomme-du-ciguri\/\" target=\"_blank\"><em>Notes de (re)-lecture <\/em><\/a>(s\u00e9rie en cours depuis mars 2013),<\/li>\n<li><a href=\"http:\/\/www.du9.org\/dossier\/le-dessin-vivant\/\" target=\"_blank\"><em>Le dessin vivant<\/em><\/a> (oct 2013),<\/li>\n<li><a href=\"http:\/\/www.du9.org\/auteur\/dupuy-philippe\/\" target=\"_blank\">Une histoire de l&rsquo;art<\/a> (mai 2014)<\/li>\n<li><a href=\"http:\/\/www.du9.org\/dossier\/la-repetition-comme-principe-narratif-en-bande-dessinee\/\" target=\"_blank\"><em>La r\u00e9p\u00e9tition comme principe narratif en bande dessin\u00e9e<\/em><\/a> (sept 2014)<\/li>\n<\/ul>\n<p>&nbsp;<\/p>\n","protected":false},"excerpt":{"rendered":"<p>du9, c&rsquo;est un excellent site critique sur la\u00a0bande dessin\u00e9e. Et c&rsquo;est un honneur d&rsquo;y \u00eatre publi\u00e9 ! Impressions sur Vraoum\u00a0! (avril 2010), TNT en Am\u00e9rique, une radiographie de la bande dessin\u00e9e (juin 2010), Concert dessin\u00e9 \u00e0 Avignon, (sept 2010), Rencontre&hellip;<\/p>\n<p class=\"more-link-p\"><a class=\"more-link\" href=\"https:\/\/pilau.fr\/wordpress\/?page_id=69\">Read more &rarr;<\/a><\/p>\n","protected":false},"author":1,"featured_media":0,"parent":66,"menu_order":0,"comment_status":"open","ping_status":"open","template":"","meta":{"footnotes":""},"_links":{"self":[{"href":"https:\/\/pilau.fr\/wordpress\/index.php?rest_route=\/wp\/v2\/pages\/69"}],"collection":[{"href":"https:\/\/pilau.fr\/wordpress\/index.php?rest_route=\/wp\/v2\/pages"}],"about":[{"href":"https:\/\/pilau.fr\/wordpress\/index.php?rest_route=\/wp\/v2\/types\/page"}],"author":[{"embeddable":true,"href":"https:\/\/pilau.fr\/wordpress\/index.php?rest_route=\/wp\/v2\/users\/1"}],"replies":[{"embeddable":true,"href":"https:\/\/pilau.fr\/wordpress\/index.php?rest_route=%2Fwp%2Fv2%2Fcomments&post=69"}],"version-history":[{"count":3,"href":"https:\/\/pilau.fr\/wordpress\/index.php?rest_route=\/wp\/v2\/pages\/69\/revisions"}],"predecessor-version":[{"id":74,"href":"https:\/\/pilau.fr\/wordpress\/index.php?rest_route=\/wp\/v2\/pages\/69\/revisions\/74"}],"up":[{"embeddable":true,"href":"https:\/\/pilau.fr\/wordpress\/index.php?rest_route=\/wp\/v2\/pages\/66"}],"wp:attachment":[{"href":"https:\/\/pilau.fr\/wordpress\/index.php?rest_route=%2Fwp%2Fv2%2Fmedia&parent=69"}],"curies":[{"name":"wp","href":"https:\/\/api.w.org\/{rel}","templated":true}]}}