{"id":112,"date":"2014-11-15T19:06:02","date_gmt":"2014-11-15T18:06:02","guid":{"rendered":"http:\/\/pilau.fr\/wordpress\/?page_id=112"},"modified":"2014-11-15T19:06:02","modified_gmt":"2014-11-15T18:06:02","slug":"de-cases-en-tranchees","status":"publish","type":"page","link":"https:\/\/pilau.fr\/wordpress\/?page_id=112","title":{"rendered":"De cases en tranch\u00e9es"},"content":{"rendered":"<p><em><strong><img loading=\"lazy\" decoding=\"async\" class=\"alignleft wp-image-114 \" src=\"http:\/\/pilau.fr\/wordpress\/wp-content\/uploads\/2014\/11\/logo3-aplati-150x150.jpg\" alt=\"logo3 aplati\" width=\"203\" height=\"203\" \/>De cases en tranch\u00e9es \u2013 la Grande Guerre en bande dessin\u00e9e<\/strong> <\/em><\/p>\n<div id=\"columnA\">\n<h4>Une exposition pour adolescents et adultes accompagn\u00e9e d&rsquo;outils p\u00e9dagogiques<\/h4>\n<p>Coproduction\u00a0Entre les cases et <a href=\"http:\/\/www.bulleentete.com\/guerre.html\" target=\"_blank\">Bulle en t\u00eate<\/a><\/p>\n<p>&nbsp;<\/p>\n<p><em>Cette exposition a re\u00e7u le label Centenaire qui permet de distinguer les projets les plus innovants et de <img loading=\"lazy\" decoding=\"async\" class=\"alignright\" src=\"http:\/\/www.bulleentete.com\/guerre\/imgcentenaire.jpg\" alt=\"\" width=\"45\" height=\"42\" \/>figurer sur le programme national officiel des comm\u00e9morations du Centenaire.<\/em><\/p>\n<p>Ce projet vise \u00e0 sensibiliser le public \u00e0 la guerre de 14-18 par le biais de r\u00e9cits en bande dessin\u00e9e :\u00a0A travers une s\u00e9lection de douze albums de bande dessin\u00e9e mis en valeur et explicit\u00e9s dans l\u2019exposition, le public sera amen\u00e9 \u00e0 d\u00e9couvrir une diversit\u00e9 de r\u00e9cits portant sur la Grande Guerre permettant de stimuler sa curiosit\u00e9 et son app\u00e9tit de savoir.<br \/>\nPar le biais des ateliers p\u00e9dagogiques propos\u00e9s en prolongement de l\u2019exposition, il s&rsquo;agit ensuite d&rsquo;amener les jeunes \u00e0 enrichir leurs connaissances de l\u2019histoire de la Premi\u00e8re Guerre mondiale, tout en exer\u00e7ant un regard critique sur les images et les r\u00e9cits que la bande dessin\u00e9e propose.<\/p>\n<p>L&rsquo;exposition a \u00e9t\u00e9 montr\u00e9e en avant premi\u00e8re \u00e0 la Sainte Chapelle du ch\u00e2teau de Vincennes du 23 septembre au 10 octobre 2014<\/p>\n<p><a href=\"http:\/\/pilau.fr\/wordpress\/wp-content\/uploads\/2014\/11\/1-Introduction-testweb.jpg\"><img loading=\"lazy\" decoding=\"async\" class=\"alignnone wp-image-128\" src=\"http:\/\/pilau.fr\/wordpress\/wp-content\/uploads\/2014\/11\/1-Introduction-testweb-225x300.jpg\" alt=\"1 - Introduction testweb\" width=\"118\" height=\"157\" srcset=\"https:\/\/pilau.fr\/wordpress\/wp-content\/uploads\/2014\/11\/1-Introduction-testweb-225x300.jpg 225w, https:\/\/pilau.fr\/wordpress\/wp-content\/uploads\/2014\/11\/1-Introduction-testweb-768x1024.jpg 768w, https:\/\/pilau.fr\/wordpress\/wp-content\/uploads\/2014\/11\/1-Introduction-testweb.jpg 1701w\" sizes=\"(max-width: 118px) 100vw, 118px\" \/><\/a> <a href=\"http:\/\/pilau.fr\/wordpress\/wp-content\/uploads\/2014\/11\/6-La-grande-guerre-de-Charlie-testweb.jpg\"><img loading=\"lazy\" decoding=\"async\" class=\"alignnone wp-image-127\" src=\"http:\/\/pilau.fr\/wordpress\/wp-content\/uploads\/2014\/11\/6-La-grande-guerre-de-Charlie-testweb-225x300.jpg\" alt=\"6 - La grande guerre de Charlie-testweb\" width=\"118\" height=\"157\" srcset=\"https:\/\/pilau.fr\/wordpress\/wp-content\/uploads\/2014\/11\/6-La-grande-guerre-de-Charlie-testweb-225x300.jpg 225w, https:\/\/pilau.fr\/wordpress\/wp-content\/uploads\/2014\/11\/6-La-grande-guerre-de-Charlie-testweb-768x1024.jpg 768w, https:\/\/pilau.fr\/wordpress\/wp-content\/uploads\/2014\/11\/6-La-grande-guerre-de-Charlie-testweb.jpg 1701w\" sizes=\"(max-width: 118px) 100vw, 118px\" \/><\/a> <a href=\"http:\/\/pilau.fr\/wordpress\/wp-content\/uploads\/2014\/11\/14-Gueule-damour-testweb.jpg\"><img loading=\"lazy\" decoding=\"async\" class=\"alignnone wp-image-126\" src=\"http:\/\/pilau.fr\/wordpress\/wp-content\/uploads\/2014\/11\/14-Gueule-damour-testweb-225x300.jpg\" alt=\"14 - Gueule d'amour-testweb\" width=\"118\" height=\"157\" srcset=\"https:\/\/pilau.fr\/wordpress\/wp-content\/uploads\/2014\/11\/14-Gueule-damour-testweb-225x300.jpg 225w, https:\/\/pilau.fr\/wordpress\/wp-content\/uploads\/2014\/11\/14-Gueule-damour-testweb-768x1024.jpg 768w, https:\/\/pilau.fr\/wordpress\/wp-content\/uploads\/2014\/11\/14-Gueule-damour-testweb.jpg 1701w\" sizes=\"(max-width: 118px) 100vw, 118px\" \/><\/a> <a href=\"http:\/\/pilau.fr\/wordpress\/wp-content\/uploads\/2014\/11\/photos-expo-sainte-chapelle-LD_Page_04.jpg\"><img loading=\"lazy\" decoding=\"async\" class=\"alignnone wp-image-122\" src=\"http:\/\/pilau.fr\/wordpress\/wp-content\/uploads\/2014\/11\/photos-expo-sainte-chapelle-LD_Page_04-225x300.jpg\" alt=\"photos expo sainte chapelle LD_Page_04\" width=\"118\" height=\"157\" srcset=\"https:\/\/pilau.fr\/wordpress\/wp-content\/uploads\/2014\/11\/photos-expo-sainte-chapelle-LD_Page_04-225x300.jpg 225w, https:\/\/pilau.fr\/wordpress\/wp-content\/uploads\/2014\/11\/photos-expo-sainte-chapelle-LD_Page_04-768x1024.jpg 768w, https:\/\/pilau.fr\/wordpress\/wp-content\/uploads\/2014\/11\/photos-expo-sainte-chapelle-LD_Page_04.jpg 1920w\" sizes=\"(max-width: 118px) 100vw, 118px\" \/><\/a> <a href=\"http:\/\/pilau.fr\/wordpress\/wp-content\/uploads\/2014\/11\/photos-expo-sainte-chapelle-LD_Page_06.jpg\"><img loading=\"lazy\" decoding=\"async\" class=\"alignnone wp-image-121\" src=\"http:\/\/pilau.fr\/wordpress\/wp-content\/uploads\/2014\/11\/photos-expo-sainte-chapelle-LD_Page_06-225x300.jpg\" alt=\"photos expo sainte chapelle LD_Page_06\" width=\"118\" height=\"157\" srcset=\"https:\/\/pilau.fr\/wordpress\/wp-content\/uploads\/2014\/11\/photos-expo-sainte-chapelle-LD_Page_06-225x300.jpg 225w, https:\/\/pilau.fr\/wordpress\/wp-content\/uploads\/2014\/11\/photos-expo-sainte-chapelle-LD_Page_06-768x1024.jpg 768w, https:\/\/pilau.fr\/wordpress\/wp-content\/uploads\/2014\/11\/photos-expo-sainte-chapelle-LD_Page_06.jpg 1920w\" sizes=\"(max-width: 118px) 100vw, 118px\" \/><\/a>\u00a0\u00a0<a href=\"http:\/\/pilau.fr\/wordpress\/wp-content\/uploads\/2014\/11\/photos-expo-sainte-chapelle-LD_Page_10.jpg\"><img loading=\"lazy\" decoding=\"async\" class=\"alignnone wp-image-119\" src=\"http:\/\/pilau.fr\/wordpress\/wp-content\/uploads\/2014\/11\/photos-expo-sainte-chapelle-LD_Page_10-225x300.jpg\" alt=\"photos expo sainte chapelle LD_Page_10\" width=\"118\" height=\"157\" srcset=\"https:\/\/pilau.fr\/wordpress\/wp-content\/uploads\/2014\/11\/photos-expo-sainte-chapelle-LD_Page_10-225x300.jpg 225w, https:\/\/pilau.fr\/wordpress\/wp-content\/uploads\/2014\/11\/photos-expo-sainte-chapelle-LD_Page_10-768x1024.jpg 768w, https:\/\/pilau.fr\/wordpress\/wp-content\/uploads\/2014\/11\/photos-expo-sainte-chapelle-LD_Page_10.jpg 1920w\" sizes=\"(max-width: 118px) 100vw, 118px\" \/><\/a> <a href=\"http:\/\/pilau.fr\/wordpress\/wp-content\/uploads\/2014\/11\/photos-expo-sainte-chapelle-LD_Page_11.jpg\"><img loading=\"lazy\" decoding=\"async\" class=\"alignnone wp-image-118\" src=\"http:\/\/pilau.fr\/wordpress\/wp-content\/uploads\/2014\/11\/photos-expo-sainte-chapelle-LD_Page_11-225x300.jpg\" alt=\"photos expo sainte chapelle LD_Page_11\" width=\"118\" height=\"157\" srcset=\"https:\/\/pilau.fr\/wordpress\/wp-content\/uploads\/2014\/11\/photos-expo-sainte-chapelle-LD_Page_11-225x300.jpg 225w, https:\/\/pilau.fr\/wordpress\/wp-content\/uploads\/2014\/11\/photos-expo-sainte-chapelle-LD_Page_11-768x1024.jpg 768w, https:\/\/pilau.fr\/wordpress\/wp-content\/uploads\/2014\/11\/photos-expo-sainte-chapelle-LD_Page_11.jpg 1920w\" sizes=\"(max-width: 118px) 100vw, 118px\" \/><\/a> <img loading=\"lazy\" decoding=\"async\" class=\"alignnone wp-image-120\" src=\"http:\/\/pilau.fr\/wordpress\/wp-content\/uploads\/2014\/11\/photos-expo-sainte-chapelle-LD_Page_09-300x225.jpg\" alt=\"photos expo sainte chapelle LD_Page_09\" width=\"157\" height=\"118\" srcset=\"https:\/\/pilau.fr\/wordpress\/wp-content\/uploads\/2014\/11\/photos-expo-sainte-chapelle-LD_Page_09-300x225.jpg 300w, https:\/\/pilau.fr\/wordpress\/wp-content\/uploads\/2014\/11\/photos-expo-sainte-chapelle-LD_Page_09-1024x768.jpg 1024w\" sizes=\"(max-width: 157px) 100vw, 157px\" \/><a href=\"http:\/\/pilau.fr\/wordpress\/wp-content\/uploads\/2014\/11\/photos-expo-sainte-chapelle-LD_Page_12.jpg\"><img loading=\"lazy\" decoding=\"async\" class=\"alignnone wp-image-117\" src=\"http:\/\/pilau.fr\/wordpress\/wp-content\/uploads\/2014\/11\/photos-expo-sainte-chapelle-LD_Page_12-300x225.jpg\" alt=\"photos expo sainte chapelle LD_Page_12\" width=\"157\" height=\"118\" srcset=\"https:\/\/pilau.fr\/wordpress\/wp-content\/uploads\/2014\/11\/photos-expo-sainte-chapelle-LD_Page_12-300x225.jpg 300w, https:\/\/pilau.fr\/wordpress\/wp-content\/uploads\/2014\/11\/photos-expo-sainte-chapelle-LD_Page_12-1024x768.jpg 1024w\" sizes=\"(max-width: 157px) 100vw, 157px\" \/><\/a><\/p>\n<p><strong>L\u2019exposition <\/strong>est constitu\u00e9e de 3\u00a0panneaux sur toile (60x80cm) introductifs sign\u00e9s par des professeurs d\u2019histoire et de 12\u00a0panneaux sur toile (60x80cm) pr\u00e9sentant 12 albums de bande dessin\u00e9e dont le contenu est ainsi d\u00e9velopp\u00e9 :<\/p>\n<ul>\n<li>Pr\u00e9sentation de l\u2019album s\u00e9lectionn\u00e9 avec une reproduction de couverture<\/li>\n<li>Commentaire esth\u00e9tique d\u2019une planche s\u00e9lectionn\u00e9e de l\u2019album<\/li>\n<li>Commentaire historique sur un des th\u00e8mes trait\u00e9s dans la bande dessin\u00e9e<\/li>\n<\/ul>\n<p><strong>Le parcours p\u00e9dagogique\u00a0<\/strong>( \u00e0 partir de 14\/15 ans) est constitu\u00e9 de s<strong>ix ateliers \u00ab\u00a0cl\u00e9s en main\u00a0\u00bb\u00a0<\/strong>: tout le mat\u00e9riel n\u00e9cessaire au bon d\u00e9roulement des ateliers est fourni (livret-jeu, corrections, documents&#8230;). Consulter pour plus de d\u00e9tails la fiche\u00a0<strong><a href=\"http:\/\/www.bulleentete.com\/guerre\/guerre-peda.pdf\" target=\"_blank\">Activit\u00e9s p\u00e9dagogiques<\/a><\/strong><\/p>\n<p><strong>Documents p\u00e9dagogiques compl\u00e9mentaires<\/strong><\/p>\n<ul>\n<ul>\n<ul>\n<li>Une bibliographie comment\u00e9e et illustr\u00e9e d&rsquo;albums consacr\u00e9s \u00e0 la Grande Guerre<\/li>\n<li>Une valise p\u00e9dagogique (cd, dvd, magazines, livre). Consulter pour plus de d\u00e9tails\u00a0<strong>la\u00a0<a href=\"http:\/\/www.bulleentete.com\/guerre\/guerre-fichetechnique.pdf\" target=\"_blank\">Fiche technique<\/a><\/strong><\/li>\n<\/ul>\n<\/ul>\n<\/ul>\n<p><strong>En option \u00e0 la location : une maquette \/diorama<\/strong><br \/>\nMaquette d\u2019une tranch\u00e9e (un plateau-valise de 120 cm x 60 cm) avec figurines, compos\u00e9e de cinq tableaux juxtapos\u00e9s repr\u00e9sentant l\u2019effet marquant des cinq ann\u00e9es de guerres (mat\u00e9riel en option \u00e0 la location). Mat\u00e9riel fragile n\u00e9cessitant un transport adapt\u00e9.<\/p>\n<p>Les\u00a0<a href=\"http:\/\/www.bulleentete.com\/tarifs.html\" target=\"_blank\">Tarifs<\/a>\u00a0sont sur le site de Bulle en t\u00eate<\/p>\n<p><strong><a href=\"http:\/\/www.bulleentete.com\/guerre\/guerre-descriptif.pdf\" target=\"_blank\">Descriptif complet\u00a0<\/a><\/strong><\/p>\n<\/div>\n","protected":false},"excerpt":{"rendered":"<p>De cases en tranch\u00e9es \u2013 la Grande Guerre en bande dessin\u00e9e Une exposition pour adolescents et adultes accompagn\u00e9e d&rsquo;outils p\u00e9dagogiques Coproduction\u00a0Entre les cases et Bulle en t\u00eate &nbsp; Cette exposition a re\u00e7u le label Centenaire qui permet de distinguer les&hellip;<\/p>\n<p class=\"more-link-p\"><a class=\"more-link\" href=\"https:\/\/pilau.fr\/wordpress\/?page_id=112\">Read more &rarr;<\/a><\/p>\n","protected":false},"author":1,"featured_media":0,"parent":38,"menu_order":0,"comment_status":"open","ping_status":"open","template":"","meta":{"footnotes":""},"_links":{"self":[{"href":"https:\/\/pilau.fr\/wordpress\/index.php?rest_route=\/wp\/v2\/pages\/112"}],"collection":[{"href":"https:\/\/pilau.fr\/wordpress\/index.php?rest_route=\/wp\/v2\/pages"}],"about":[{"href":"https:\/\/pilau.fr\/wordpress\/index.php?rest_route=\/wp\/v2\/types\/page"}],"author":[{"embeddable":true,"href":"https:\/\/pilau.fr\/wordpress\/index.php?rest_route=\/wp\/v2\/users\/1"}],"replies":[{"embeddable":true,"href":"https:\/\/pilau.fr\/wordpress\/index.php?rest_route=%2Fwp%2Fv2%2Fcomments&post=112"}],"version-history":[{"count":4,"href":"https:\/\/pilau.fr\/wordpress\/index.php?rest_route=\/wp\/v2\/pages\/112\/revisions"}],"predecessor-version":[{"id":129,"href":"https:\/\/pilau.fr\/wordpress\/index.php?rest_route=\/wp\/v2\/pages\/112\/revisions\/129"}],"up":[{"embeddable":true,"href":"https:\/\/pilau.fr\/wordpress\/index.php?rest_route=\/wp\/v2\/pages\/38"}],"wp:attachment":[{"href":"https:\/\/pilau.fr\/wordpress\/index.php?rest_route=%2Fwp%2Fv2%2Fmedia&parent=112"}],"curies":[{"name":"wp","href":"https:\/\/api.w.org\/{rel}","templated":true}]}}